 s(0)?
-34
Let l(x) = -x**3 - 5*x**2 - 2. Let n(v) = -v**2 + 9*v - 8. Let a be n(8). Let w = 5 - a. Suppose -w*y + 7 = 32. Determine l(y).
-2
Suppose 7*t + 25 - 67 = 0. Let d(y) = 2*y - 12. Give d(t).
0
Let u(w) be the first derivative of -w**3/3 - 7*w**2/2 - 6*w + 41. Give u(-7).
-6
Let l(x) = x**2 + 17*x + 26. Suppose 5*h + 63 = 4*r, 4*r - 5*r = -4*h - 57. Determine l(h).
-4
Let w be 143/44 + 1/(-4). Let c(y) = 0*y - 4*y**3 - y**3 + 4*y**w - 2*y + 5*y**2. Determine c(5).
-10
Let s(i) = -7*i - 1. Let b = 148 - 142. Let c(r) = 15*r + 1. Let y(q) = b*c(q) + 13*s(q). Give y(-5).
-2
Let u(z) be the third derivative of z**4/8 + 4*z**3/3 + 14*z**2. Suppose -20*k + 66 = -54. Determine u(k).
26
Let c(j) = -6*j + 1. Let t(o) = 43*o - 11. Let s(p) = 7*c(p) + t(p). Let h(m) = -m**3 + 2*m**2 - 2*m. Let g be h(2). What is s(g)?
-8
Let y(r) = -11*r**3 - 11*r**2 + 6*r + 7. Let p(h) = 5*h**3 + 5*h**2 - 3*h - 3. Let t(x) = 9*p(x) + 4*y(x). Let j be t(1). Let g(v) = -v + 5. What is g(j)?
5
Suppose 17*q - 49 = -32. Let c(b) = 7*b - 2. What is c(q)?
5
Let t(g) = -g**2 + 16*g + 5. Let i = -301 + 317. Determine t(i).
5
Let l(n) = 29*n - 2. Let s = -379 + 381. What is l(s)?
56
Let k(c) = -8*c - 7. Let u(y) = -19*y - 16. Let n(x) = 7*k(x) - 3*u(x). Give n(-6).
-7
Let p(d) = -2*d**3 - 27*d**2 - 27*d - 31. Let y(w) = w**3 + 14*w**2 + 14*w + 16. Let l(q) = 4*p(q) + 7*y(q). Let i be 177/(-21) - (-36)/(-63). Give l(i).
-3
Let t(w) = -9*w**2 + w - 1. Suppose -5*f - 23 = 4*x - 0*f, -5*f = -5*x + 5. Calculate t(x).
-39
Let c(s) be the first derivative of -s**3/6 - 3*s**2/2 - 6*s - 13. Let w(v) be the first derivative of c(v). Calculate w(0).
-3
Let x(t) = 30*t - 2. Let b(u) = 4*u - 1. Let c(n) = -6*b(n) + x(n). Calculate c(-4).
-20
Let r(v) be the third derivative of 1/24*v**4 - 1/2*v**3 + 0*v + 12 + 2*v**2. Give r(-8).
-11
Suppose -11 - 66 = -7*r. Let t(z) = 4*z - 5*z - 11 + r. Calculate t(1).
-1
Let h(x) = -37*x - 284*x**2 - 307*x**2 + 589*x**2 + 22. What is h(-19)?
3
Let a(i) = 189*i**2 + i - i - 194*i**2. What is a(-1)?
-5
Let r be ((-15)/(-5))/1 + -1. Let y = 1 - -1. Let u(n) = 2*n - 3*n - 2*n + 3*n**r + 2 + y*n**3. Determine u(-3).
-16
Suppose -2*o + 180 - 154 = 0. Let p(r) = r - 16. What is p(o)?
-3
Let i = 11 - 5. Let c(m) = -7*m - 4. Let j(p) = 7 - 10 - 2 - 8*p. Let b(g) = i*j(g) - 7*c(g). What is b(7)?
5
Let u be 30 + (4 - (5 + 3)). Suppose 3*h + 2 - 18 = i, 2*i - 4*h = -u. Let m(p) = 2*p + 10. Give m(i).
-4
Let u(s) = -s - 20. Let f be u(-26). Let c(i) = 4*i + 1. Determine c(f).
25
Suppose -6*u - 47 = -131. Suppose u = -4*h + 2. Let f(r) = r**3 + 4*r**2 + 2*r. Determine f(h).
3
Let b(i) = 63 - 24 + i**3 - 36 - 5*i + 5*i**2. Give b(-6).
-3
Let t(h) = h**3 - 8*h**2 + 7*h + 4. Let x = 5 + -3. Suppose -x*u + 14 = -0*u. Determine t(u).
4
Let b(o) = -o**3 - 4*o**2 - 2*o - 6. Suppose 0 = 5*z - 5*s + 15, 3*z - 3 = -2*s - 17. Give b(z).
2
Let a(m) = -4*m. Suppose -2*k + 5*j = -0*k - 2, 5*k - 5 = -3*j. Give a(k).
-4
Let i = 175 - 189. Let w(n) = -n**3 - 15*n**2 - 14*n + 4. Calculate w(i).
4
Let u(f) = -2*f - 4. Let t(m) = m**3 - 11*m**2 + 11*m - 10. Let x be t(10). Suppose x = 6*l - 12*l - 24. Give u(l).
4
Let v be 1*((-290)/(-42) - 16/(-168)). Let r(u) = -3*u + 2. Calculate r(v).
-19
Let b = -310 + 305. Let n(j) = -j - 22. Determine n(b).
-17
Let p(k) be the first derivative of k**3/2 - 3*k**2/2 - 17*k - 1. Let g(u) be the first derivative of p(u). Calculate g(-3).
-12
Suppose -4*x + 32 = -4*r + 2*r, -5*r = -4*x + 50. Let y be (-129)/(-45) - r/45. Let h(g) = y*g**2 + 11*g - 6*g + 2 - 2*g**2. Give h(-4).
-2
Suppose -9 = 4*y - 25. Suppose 0 = -0*n - y*n + 16. Let i(f) = 3*f - 36*f**2 - n*f + 35*f**2 + 3*f + 4. Calculate i(3).
1
Let v = -40 + 43. Let s(c) = -4 + 5 - v*c - c - c**2. Calculate s(-6).
-11
Let l(m) = 4*m + 4. Let k(u) = 7*u + 2. Let g be k(-1). Let w = 2 + g. What is l(w)?
-8
Let m be ((-300)/21)/(-5) + 2/14. Let l(f) = -2*f**2 - f. Give l(m).
-21
Let u = -13 - -17. Suppose -3*h = -u*y - 9, -y = -2*h - 3*y + 6. Let d(n) = 4 - 5 + 2 + n. Give d(h).
4
Let s(g) be the first derivative of -10*g**3/3 + g + 245. Suppose 3 = 2*w + w. Give s(w).
-9
Let j(n) = -n**2 - 10*n - 1. Suppose -190 = -72*s + 91*s. Give j(s).
-1
Let s(g) = 2*g**2 + g - 1. Let c(a) = -5*a**2 - 10*a + 5. Let q(y) = -c(y) - 3*s(y). What is q(6)?
4
Let s(v) = 352*v + 31 - 8 - 170*v - 175*v. What is s(-4)?
-5
Let u be (-2107)/(-91) + -19 - (-4)/(-26). Let i(f) = -2*f**2 + 8*f + 6. Give i(u).
6
Let u(l) = 7*l**2 + 8*l + 5. Let p(w) = 16*w**2 + 17*w + 11. Let g(r) = -2*p(r) + 5*u(r). Calculate g(-2).
3
Let w(s) = 6*s + 2. Let r(g) = -9*g - 3. Let k(i) = -5*r(i) - 8*w(i). Suppose 3*y + 4 = -y - 4*j, 4*y - 8 = -j. Suppose y*b - 6 = 6*b. Give k(b).
5
Let n = 522 + -529. Let b(c) = -c**2 - 4*c + 13. Calculate b(n).
-8
Let i(q) = 3 - q**3 + 0 + 0 + 0 - 4*q**2 + 7*q. Suppose 0 = -w + 1 - 6. What is i(w)?
-7
Let m(b) be the first derivative of -b**2/2 - 19*b - 189. What is m(-6)?
-13
Let g(o) be the second derivative of o**5/20 - o**4/2 + 4*o**3/3 - o**2 + 176*o. Give g(3).
-5
Let q(i) = i + 4. Suppose -4*r = -6*r + 2*h - 30, -2*h - 25 = 3*r. Let k(x) = 2*x + 11. Let n(w) = r*q(w) + 4*k(w). Give n(1).
-3
Let w(h) = h**3 + 2*h**2 - h - 7. Let g(u) = 3*u**3 + 5*u**2 - 2*u - 20. Let o(j) = -6*g(j) + 17*w(j). Calculate o(4).
-19
Let p(q) be the first derivative of 2*q**2 - 3*q + 427. Let z(k) = 5*k**2 - 1. Let s(o) = -2*o**3 + 1. Let r be s(1). Let h be z(r). Determine p(h).
13
Let d(h) be the second derivative of h**5/20 - h**4/4 - 2*h**3/3 - h**2/2 - h + 108. Let x be (-51)/(-12) - (-1)/(-4). Calculate d(x).
-1
Let r(b) = 2*b + 15. Let c be (-1)/11 + (-9)/(198/(-310)). What is r(c)?
43
Suppose -15 = -4*g - 11. Let b(q) = -18*q**2 + q. Calculate b(g).
-17
Let t(c) = 14 - 95*c - 4*c**2 - 14 + 98*c. Determine t(3).
-27
Let o = 13 + -9. Suppose -17*k = -o*k + 91. Let l(r) = -r**3 - 8*r**2 - 8*r - 9. Determine l(k).
-2
Let d be (14/8)/(2/(-8)). Let c(s) be the second derivative of -s**5/20 - 7*s**4/12 + s**3/3 + 3*s**2 + 46*s - 7. Determine c(d).
-8
Let a(m) = -4*m - 6. Let p(j) = 3*j + 5. Let y(f) = -4*a(f) - 5*p(f). Suppose 2*d = -0*d + 6. Suppose 6 = d*t - 3. Determine y(t).
2
Let p = -15 + 13. Let j = p - -8. Let a(b) = -b**3 + 7*b**2 - 7*b + 5. What is a(j)?
-1
Suppose -2*s + 1 + 1 = 5*p, -2*p + 3*s + 16 = 0. Let o(h) be the first derivative of 7/2*h**p - 9*h - 1/3*h**3 + 3. Give o(6).
-3
Suppose 56 = 3*r + r. Let c(j) = -j + 0*j + 1 + r*j**2 - 19*j**2 + 0*j. Let n be 7/4 - 6/8. What is c(n)?
-5
Let j(o) = o**3 - 8*o**2 - 8*o - 4. Let z be 0/((-5)/(10/4)). Suppose z = -h + 4 + 5. Let q be j(h). Let r(l) = l - 4. Give r(q).
1
Let g(s) = -s - 4. Let l(b) = 2. Let w(y) = -g(y) + l(y). Give w(-7).
-1
Let n(l) = 9*l + 1. Let u(d) = -d. Let b(r) = n(r) + 4*u(r). Give b(-3).
-14
Suppose 0 = -2*r - f - 31, r - 14*f + 18 = -15*f. Let v(p) = p**2 + 16*p + 21. Calculate v(r).
-18
Let z(a) = 35*a - a**3 - 8*a**2 + 10 - 76*a + 36*a. What is z(-7)?
-4
Let b be (39/(-117))/(37/18 - 2). Let f(n) = 3*n + 6. Calculate f(b).
-12
Suppose 2 = 5*q - 3. Let f(j) = -1. Let a = 0 - -5. Let c(x) = -x + 2. Let t(l) = a*f(l) + q*c(l). Give t(-4).
1
Let p(i) = -7*i**2 + 16*i - 1. Let g(d) = 6*d**2 - 14*d + 2. Let t(o) = 6*g(o) + 5*p(o). What is t(3)?
4
Let o be (-55)/(-20) - (-1)/4. Suppose o = 3*q - 6. Suppose -2*x = -q*x - 5, -n + x = -5. Let l(u) = u**3 - 12. Calculate l(n).
-12
Let k(s) = -7*s**2 + 9*s - 7. Let b(a) = 4*a + 2*a**2 - 3 + a**2 + 0 - 7*a**2. Let u(w) = -5*b(w) + 3*k(w). Determine u(7).
-6
Let v(j) = 42*j**3 - j**2 + j + 2. Let p be v(-1). Let h = p - -36. Let s(t) = t - 2. Give s(h).
-8
Let x(o) = o**3 + 6*o**2 + 5*o. Let g be x(-5). Let t(d) = d - 4. Let s be t(g). Let u(f) = 5*f - 31 - 39 + 139 - 31 - 33. Give u(s).
-15
Let q(i) = i**2 - 5*i - 14. Let j(m) = -3*m**2 + 20 + 7*m + 21 + 7*m. Let h(u) = -6*j(u) - 17*q(u). Calculate h(0).
-8
Let d(f) = -f**3 + 5*f**2 - 5*f - 6. Let g(q) = -q**3 + 4*q**2 - 4*q - 4. Let i(z) = 5*d(z) - 6*g(z). What is i(0)?
-6
Let r(t) = -5 + t + 14 - 10 - t**3. Let z be r(-2). Let j(y) be the third derivative of -y**5/60 + y**4/3 - y**3 + 16*y**2. What is j(z)?
9
Let g(v) = -4*v - 1. Let o(f) = 4*f + 12*f - 7*f + 1 + 1. Let h(l) = -5*g(l) - 2*o(l). What is h(1)?
3
Suppose 8*s - 7*s - 2 = 